5
Evaluate -46 + 48 - (-1 + -1 + -2).
6
What is (1 - (11 - 6)) + 9?
5
Calculate (-3 - (7 - 4)) + 3 + 0.
-3
What is (-2 - -4 - 3) + (-3 - -1)?
-3
Calculate -2 + -3 + (10 - 4).
1
What is the value of 0 + (10 - 4) + -5?
1
-8 - (-9 - (0 - -7))
8
What is the value of 0 - -5 - ((-7 - -9) + 5)?
-2
Evaluate -3 + (3 + -4 + 1 - -2).
-1
Calculate -45 + 49 + (1 - -2).
7
What is -4 + -3 + 15 + -7 - -7?
8
What is the value of 10 - 10 - (2 - 0)?
-2
-2 + -5 + 10 - (6 + -1)
-2
Evaluate (9 - 1) + (9 - 22) + 9.
4
What is 3 + (1 - (3 - 1)) - 7?
-5
Calculate (14 - 14) + -2 + 0 + 0.
-2
Calculate 13 - (-4 + 2 - (2 - 7)).
10
(10 - 1) + 62 + -72
-1
Evaluate -1 - (-1 - 0) - (-7 - -11).
-4
Calculate -1 - (5 - -3 - 9 - 1).
1
-5 - (-6 - (-7 - -2) - 13)
9
What is the value of -5 + -5 - (-16 - -10)?
-4
2 + 0 - (5 - (1 + 4))
2
Evaluate -7 - ((-2 - -1) + -1).
-5
Calculate (5 - 1) + -1 + (-1 - 5).
-3
What is the value of 39 + -34 + (-1 - 4)?
0
0 + 6 + -13 + 7
0
What is the value of 5 + (0 - 4) + (3 - -1)?
5
What is 1 - (-3 + (-6 - -3) + 10)?
-3
-6 + (-2 - (-3 - 4)) + -2
-3
What is the value of 52 - 59 - (-16 + 0)?
9
Evaluate -4 + (20 - -10 - 15).
11
What is (-11 - -14 - (-2 - -7)) + 5?
3
Calculate 17 - 16 - (1 + 1).
-1
2 + -2 + (2 - 3) - 3
-4
Calculate -1 + 1 + -3 + -1.
-4
-5 + 0 + (-3 - (10 + -11))
-7
What is the value of 22 + -17 + -7 + -2?
-4
Calculate (-3 - -2) + -2 + -2.
-5
Evaluate 4 + -13 - (0 + -4).
-5
What is the value of -10 + (4 - 3) - -4?
-5
What is 4 - (-1 + 6 - -8 - 1)?
-8
What is (0 - 1) + -9 + 5 - -7?
2
What is the value of (4 - (2 - -4) - -1) + 1?
0
Calculate 5 - (-8 + (1 - -16)).
-4
What is -2 + 5 - (9 + -4)?
-2
What is 7 + -1 - (-7 + 12)?
1
Calculate (1 - -2) + -12 + 11.
2
What is 7 + -12 - (13 + -25)?
7
What is the value of 9 + 6 + -9 + -4?
2
-3 + -3 + 0 + 2
-4
Calculate (2 - 7) + -2 + 1.
-6
What is 0 + 4 - (-2 - -10) - -8?
4
What is (-2 + 0 - 1) + -1 + 5?
1
What is 0 + 0 - (-9 - -14 - 1)?
-4
What is the value of (-4 - -2) + (1 + -2 - -3)?
0
What is the value of 11 + -6 - 6 - -1 - 6?
-6
4 - (1 - (-7 - 1))
-5
3 + 0 + 3 + -11
-5
What is 5 - (-3 + -3 + 3 + 10)?
-2
Evaluate -2 + 3 - (-3 - 0 - 1).
5
Calculate 8 + -8 + -2 + -1.
-3
Evaluate -1 + 11 - (38 + -30).
2
What is (-1 - 1) + (10 - 4)?
4
-14 + 5 + 0 + 7
-2
Calculate 2 + 4 + -17 + 4.
-7
Calculate (-44 - -52) + -5 + -2.
1
Calculate (3 - (2 + -3)) + (-13 - -5).
-4
What is the value of 0 + 10 + 0 + -1?
9
What is -1 + 2 + -1 - 0?
0
-6 + 4 + -2 + 1
-3
Evaluate 9 + -8 - (-8 + (7 - 3)).
5
Calculate (-5 - -3) + -1 + (10 - 2).
5
What is the value of 1 - (19 - (11 + -1))?
-8
Evaluate (6 - ((5 - -8) + -1)) + 2.
-4
What is (6 - (13 - 5)) + 4?
2
What is the value of 2 - ((-3 - 4) + 5)?
4
What is the value of -1 + 4 + 1 + -1 + -4?
-1
What is the value of -2 - (0 + 5 + -12)?
5
3 + -3 + (4 - (7 + 1))
-4
(2 + -1 - -3) + 2 + -3
3
What is the value of -14 + 10 - (-1 + -2)?
-1
What is the value of -4 - (-1 + -9 + 4)?
2
What is -3 + (0 - -2) + 2 + 8?
9
Evaluate -4 - (-2 + 1 + (-2 - 10)).
9
Evaluate (15 - 4) + (-4 - 2) + -5.
0
What is -2 - 1 - (-1 - 2)?
0
Evaluate 7 + (-3 - 1) + -2 - 4.
-3
What is 5 + (1 - 9) - 2?
-5
What is 1 + -4 - (0 + -4)?
1
What is the value of 6 - (0 - 4 - -6)?
4
Evaluate -2 + 6 - ((2 - -1) + -3).
4
Calculate -5 + (8 - 4) + (-3 - -9).
5
What is 9 + 3 - 2 - 10?
0
4 + (-14 - -12) + (9 - 2)
9
-4 - (-1 - ((3 - -2) + -1))
1
165 - 156 - (2 + (1 - 1))
7
What is the value of -1 - (-3 - (-4 + 2))?
0
-2 - 3 - (25 - 30)
0
What is the value of (3 - 1 - 7) + 6 + 6?
7
3 - (-4 + 10 + -4 + 5)
-4
Evaluate -1 - (1 + (1 - -2) + -6).
1
What is (-12 - 1) + -3 + 10?
-6
What is the value of (4 + -5 - -4) + 10 + -7?
6
Calculate 12 - 15 - (-3 + -2).
2
-5 + 3 + -3 + 3
-2
6 - (-2 - 0 - -2) - 4
2
(7 - 11) + -2 + 12
6
What is the value of 4 + (-5 - (0 + (-4 - -3)))?
0
What is 2 + 2 + 2 + (5 - 7)?
4
1 - (-1 + -5 + 1 + 1)
5
Evaluate -1 + (-1 - 9) + (3 - -1).
-7
What is the value of 3 - 3 - (2 - 1)?
-1
Evaluate 9 - (-7 + -3 + 4 + 5).
10
What is (4 - 0) + (2 - 3)?
3
What is 4 + 2 - 2 - 1?
3
Calculate (-17 - (-21 + 2)) + (-11 - 0).
-9
(5 - 7) + (-12 - -12)
-2
Calculate 4 + -8 + 3 + -2.
-3
-1 + 4 + (4 - 6 - -4)
5
Evaluate 10 + 1 - (-44 - -47).
8
What is 7 + (5 - 2) + 0 + -7?
3
-6 + 2 + 6 - (0 + 5)
-3
Evaluate -7 + 5 + -2 - (-2 - -3).
-5
What is -1 - ((1 - (2 + 1)) + -4)?
5
Calculate -3 + (-3 - (-2 + 0)) + -1.
-5
Evaluate 3 + 1 + -11 + 5.
-2
(-6 + -3 - -8) + 2 + -7
-6
Evaluate -4 - (-10 + (-4 + 4 - -2)).
4
Calculate (-6 - -11) + -1 + -9.
-5
What is (0 + -12 - 3) + 8 + 1?
-6
Calculate 1 - (3 - (-5 + 9)).
2
Evaluate 0 - 0 - 3 - -6.
3
What is the value of 73 + -70 - (2 - -5)?
-4
What is the value of -4 - -11 - (3 - -10)?
-6
Calculate 2 + 2 + (1 - 10) + 1.
-4
Evaluate -19 + 9 - (-5 + 0).
-5
-6 + (-8 - -11) - (-1 + 6)
-8
(2 - -6 - (-1 + 8)) + -4
-3
3 + -2 + (12 - 12)
1
Evaluate -13 - -13 - 0 - (-8 + -3).
11
What is the value of 5 + (1 - 7) + 4?
3
Evaluate -4 + (-8 - -21 - -1).
10
What is the value of 2 - 5 - (-3 + 3 - 1)?
-2
Evaluate -9 - (-10 - (8 + -13)).
-4
-2 + (-2 + 1 - (-10 + 5))
2
What is the value of -3 + (-1 - 0 - -6)?
2
What is 3 + (6 + -1 - (18 + -13))?
3
Evaluate -5 + (-27 + 22 - (0 + -5)).
-5
Calculate 0 + -8 - -14 - -1.
7
What is 25 + -5 - 17 - (-1 + 0)?
4
What is 1 - (-4 + -2) - (0 + 2)?
5
What is the value of 3 - ((-7 - -11) + 8)?
-9
What is the value of -8 + 12 + -8 - (1 + 0)?
-5
What is 0 - (1 - (-2 - -4))?
1
Calculate 7 + (0 + -8 - (65 - 60)).
-6
What is the value of (-2 - -3) + -4 - -6?
3
-1 + 4 + -3 - (-6 - 1)
7
1 - (3 - 6 - 3)
7
Evaluate -4 - (-1 - (3 - (-3 + 4))).
-1
Calculate 3 + (-2 - (0 + -2 + 2)).
1
Calculate (0 - -4) + -4 + 8 + -3.
5
Evaluate -43 - -31 - (-3 + -4).
-5
Calculate -6 - -1 - (10 + (-27 - -9)).
3
Calculate -3 + -2 + (-3 - -7).
-1
What is (-2 - -4 - 6) + 2?
-2
Calculate 4 + -6 + 0 - (0 - -2).
-4
Calculate (-3 - -2 - 0) + -4 + 0.
-5
What is -15 + 11 - (0 + -1 - -1)?
-4
-4 + (7 - (-4 - -6))
1
What is 1 + -8 + (-5 - 12) + 22?
-2
What is the value of 3 + (-12 - -6) + 4 + 3?
4
-3 + (0 - -4) + (3 - 1)
3
What is 7 + -3 + -12 + 2?
-6
Evaluate 3 + -14 + (1 - (-6 - -2)).
-6
(-1 - -2) + -1 - (-23 - -22)
1
Calculate 1 + -2 - (-2 + -4 - -6).
-1
Calculate (-8 - (-13 + 11)) + 7.
1
2 - (7 + -4 + -7 + 4)
2
Evaluate 0 - (-1 + 0 - 1).
2
What is 3 - (4 + -3 + 6)?
-4
What is the value of 5 - (2 + -3 + 5)?
1
Calculate -6 + (-7 - -3 - -9).
-1
7 - (-19 - -17 - (-1 - 1))
7
What is (-5 - (-7 - -2)) + -4?
-4
What is -1 - (1 - (-3 - 0 - -7))?
2
What is 2 - 5 - (-1 - 1)?
-1
What is the value of (-3 - -10) + -2 + (-40 - -44)?
9
Calculate -43 - -45 - (3 + 1).
-2
What is 5 + (0 + 6 - -1) - 1?
11
Calculate -1 + (5 - 6) - (-11 + 4).
5
Calculate -54 - -53 - (1 + 0 + 1).
-3
Calculate -3 + 1 + -1 + 8.
5
Evaluate (4 - 2) + -6 + 1.
-3
Evaluate 0 + 2 + (-8 - -2) + 1.
-3
Calculate -4 - -9 - (3 + -1).
3
Evaluate (3 + -1 + -6 - -4) + -5.
-5
Calculate 0 + (0 + -4 - -4) + -1.
-1
6 - ((2 - -5) + -5)
4
What is (4 - (9 - 1)) + 2?
-2
24 - 23 - ((2 - 1) + 0)
0
Calculate -1 - ((-4 - 7) + 3).
7
Evaluate 24 + -4 - (-11 - -14) - 7.
10
-5 + (-4 - -1 - (3 + -6))
-5
Calculate (-6 + 3 + 0 - -8) + -4.
1
-4 + (-2 - -3) - (-4 - 0)
1
Evaluate -4 + -6 + 16 + (1 - 3).
4
What is the value of 10 - (8 - -2 - -5)?
-5
Calculate -11 - (-5 + -4 + 1).
-3
What is -8 + (1 - 0) - -4?
-3
(4 - 16 - -4) + 5
-3
What is the value of 7 - (23 + -8 + 4 + -7)?
-5
What is the value of -7 + 2 + 2 - (8 + -6)?
-5
Calculate 5 - (2 + 2 + -2).
3
Calculate 3 - 11 - -7 - -6.
5
What is the value of -2 - (5 - (-5 + 9)) - 0?
-3
Calculate 0 + 0 + 9 + -8 + 4.
5
What is the value of -2 + 8 + -5 + -4?
-3
Evaluate -11 + 5 - (-9 + 1).
2
8 + -10 + 10 + -6
2
Calculate (-6 - (3 - 5)) + 6.
2
Calculate (-2 - -1) + -2 - (1 + -6).
2
Evaluate -14 - ((-6 - -2) + 0).
-10
Calculate (-6 - -15) + (-6 - 0).
3
What is the value of (-220 - -227) + (0 - 0 - 1)?
6
Evaluate (-7 - -6) + (4 - 2) + -1.
0
Calculate 3 - ((6 - (7 - 2)) + 3).
-1
What is -16 + -7 + 0 + 11 + 3?
-9
What is the value of -7 - ((-9 - -5) + 2 - 3)?
-2
Calculate -8 - (-1 + 0 + -2 + 0).
-5
What is (-8 + 1 - -3) + -2?
-6
Evaluate 0 + (8 - 4) - (4 + -3).
3
What is -11 + 23 + -2 + -8?
2
Evaluate -5 - (3 - (1 - -7)) - -4.
4
What is 1 - -1 - -3 - 0?
5
What is 11 - 7 - (0 + -2 + 5)?
1
What is 6 + 3 - 3 - (72 - 70)?
4
-5 - (-1 - -1 - -3)
-8
What is (-5 - -1) + -